{"id":9088,"date":"2025-03-18T10:38:11","date_gmt":"2025-03-18T09:38:11","guid":{"rendered":"https:\/\/abs-silos.de\/produkt\/silos-al-aire-libre\/"},"modified":"2023-05-18T10:38:11","modified_gmt":"2023-05-18T08:38:11","slug":"silos-al-aire-libre","status":"publish","type":"produkt","link":"https:\/\/abs-silos.de\/es\/produkt\/silos-al-aire-libre\/","title":{"rendered":"Silos al aire libre"},"content":{"rendered":"<p><!-- Do not edit --><div class=\"omsc-one-half\">\n<div class=\"big-head\">\n<h2>Aussensilos<\/h2>\n<h3>La mejor protecci\u00f3n contra el viento y el clima.<\/h3>\n<\/div>\n<div class=\"icons\"><\/div>\n<p>Quiere los beneficios del A.B.S. \u00bfUsas silos pero no tienes el espacio interior necesario? No hay problema, porque tambi\u00e9n hemos desarrollado silos externos exactamente para este caso. El tejido de alta tecnolog\u00eda y alta resistencia los hace inmunes a la formaci\u00f3n de moho debido a la condensaci\u00f3n, el revestimiento y la cubierta del techo de tejido de poli\u00e9ster revestido y la construcci\u00f3n de acero galvanizado los hacen resistentes a la intemperie. Esto significa que sus alimentos estar\u00e1n bien protegidos en el exterior y se mantendr\u00e1n frescos y nutritivos durante mucho tiempo.<\/p>\n<p>Todo ABS. Nuestros expertos adaptan los silos a los requisitos espec\u00edficos en cuanto a tapa del filtro, di\u00e1metro de salida, pendiente del cono, cono de ventilaci\u00f3n, drenaje de emergencia, filtro adicional, etc.<\/p>\n<div class=\"clear\"><\/div><\/div><div class=\"omsc-one-half omsc-last\"><p><a href=\"https:\/\/abs-silos.de\/abs-content\/2023\/05\/aussensilo_LW.jpg\" data-rel=\"lightbox-gallery-bGlnaHRib3gtZ2FsbGVyeS1uRThqZDdISg==\" data-rl_title=\"\" data-rl_caption=\"\" data-rl_title=\"\" data-rl_caption=\"\" title=\"\"><img loading=\"lazy\" decoding=\"async\" class=\"alignnone size-full wp-image-3566\" src=\"https:\/\/abs-silos.de\/abs-content\/2023\/05\/aussensilo_LW.jpg\" alt=\"\" width=\"993\" height=\"1300\" srcset=\"https:\/\/abs-silos.de\/abs-content\/2023\/05\/aussensilo_LW.jpg 993w, https:\/\/abs-silos.de\/abs-content\/2023\/05\/aussensilo_LW-687x900.jpg 687w, https:\/\/abs-silos.de\/abs-content\/2023\/05\/aussensilo_LW-768x1005.jpg 768w, https:\/\/abs-silos.de\/abs-content\/2023\/05\/aussensilo_LW-229x300.jpg 229w\" sizes=\"auto, (max-width: 993px) 100vw, 993px\" \/><\/a><\/p>\n<div class=\"clear\"><\/div><\/div><div class=\"omsc-clear\"><\/div><\/p>\n","protected":false},"excerpt":{"rendered":"","protected":false},"featured_media":3673,"template":"","produktkategorie":[78],"class_list":["post-9088","produkt","type-produkt","status-publish","has-post-thumbnail","hentry","produktkategorie-agricultura"],"yoast_head":"<!-- This site is optimized with the Yoast SEO Premium plugin v26.7 (Yoast SEO v26.7) - https:\/\/yoast.com\/wordpress\/plugins\/seo\/ -->\n<title>Silos al aire libre -<\/title>\n<meta name=\"robots\" content=\"index, follow, max-snippet:-1, max-image-preview:large, max-video-preview:-1\" \/>\n<link rel=\"canonical\" href=\"https:\/\/abs-silos.de\/produkt\/silos-al-aire-libre\/\" \/>\n<meta property=\"og:locale\" content=\"de_DE\" \/>\n<meta property=\"og:type\" content=\"article\" \/>\n<meta property=\"og:title\" content=\"A.B.S. Silos- und F\u00f6rderanlagen GmbH\" \/>\n<meta property=\"og:url\" content=\"https:\/\/abs-silos.de\/es\/produkt\/silos-al-aire-libre\/\" \/>\n<meta property=\"og:site_name\" content=\"A.B.S. Silos- und F\u00f6rderanlagen GmbH\" \/>\n<meta property=\"article:publisher\" content=\"https:\/\/www.facebook.com\/abs.silos\/?locale=de_DE\" \/>\n<meta property=\"og:image\" content=\"https:\/\/abs-silos.de\/abs-content\/2023\/05\/aussensilo_LW-1.jpg\" \/>\n\t<meta property=\"og:image:width\" content=\"1084\" \/>\n\t<meta property=\"og:image:height\" content=\"1300\" \/>\n\t<meta property=\"og:image:type\" content=\"image\/jpeg\" \/>\n<meta name=\"twitter:card\" content=\"summary_large_image\" \/>\n<script type=\"application\/ld+json\" class=\"yoast-schema-graph\">{\"@context\":\"https:\/\/schema.org\",\"@graph\":[{\"@type\":\"WebPage\",\"@id\":\"https:\/\/abs-silos.de\/es\/produkt\/silos-al-aire-libre\/\",\"url\":\"https:\/\/abs-silos.de\/es\/produkt\/silos-al-aire-libre\/\",\"name\":\"Silos al aire libre -\",\"isPartOf\":{\"@id\":\"https:\/\/abs-silos.de\/#website\"},\"primaryImageOfPage\":{\"@id\":\"https:\/\/abs-silos.de\/es\/produkt\/silos-al-aire-libre\/#primaryimage\"},\"image\":{\"@id\":\"https:\/\/abs-silos.de\/es\/produkt\/silos-al-aire-libre\/#primaryimage\"},\"thumbnailUrl\":\"https:\/\/abs-silos.de\/abs-content\/2023\/05\/aussensilo_LW-1.jpg\",\"datePublished\":\"2025-03-18T09:38:11+00:00\",\"breadcrumb\":{\"@id\":\"https:\/\/abs-silos.de\/es\/produkt\/silos-al-aire-libre\/#breadcrumb\"},\"inLanguage\":\"de\",\"potentialAction\":[{\"@type\":\"ReadAction\",\"target\":[\"https:\/\/abs-silos.de\/es\/produkt\/silos-al-aire-libre\/\"]}]},{\"@type\":\"ImageObject\",\"inLanguage\":\"de\",\"@id\":\"https:\/\/abs-silos.de\/es\/produkt\/silos-al-aire-libre\/#primaryimage\",\"url\":\"https:\/\/abs-silos.de\/abs-content\/2023\/05\/aussensilo_LW-1.jpg\",\"contentUrl\":\"https:\/\/abs-silos.de\/abs-content\/2023\/05\/aussensilo_LW-1.jpg\",\"width\":1084,\"height\":1300,\"caption\":\"Au\u00dfensilo mit atmungsaktiven Innensilo\"},{\"@type\":\"BreadcrumbList\",\"@id\":\"https:\/\/abs-silos.de\/es\/produkt\/silos-al-aire-libre\/#breadcrumb\",\"itemListElement\":[{\"@type\":\"ListItem\",\"position\":1,\"name\":\"Startseite\",\"item\":\"https:\/\/abs-silos.de\/\"},{\"@type\":\"ListItem\",\"position\":2,\"name\":\"Produkte\",\"item\":\"https:\/\/abs-silos.de\/produkt\/\"},{\"@type\":\"ListItem\",\"position\":3,\"name\":\"Silos al aire libre\"}]},{\"@type\":\"WebSite\",\"@id\":\"https:\/\/abs-silos.de\/#website\",\"url\":\"https:\/\/abs-silos.de\/\",\"name\":\"A.B.S. Silos- und F\u00f6rderanlagen GmbH\",\"description\":\"Wir machen&#039;s passend - garantiert!\",\"alternateName\":\"A.B.S.\",\"potentialAction\":[{\"@type\":\"SearchAction\",\"target\":{\"@type\":\"EntryPoint\",\"urlTemplate\":\"https:\/\/abs-silos.de\/?s={search_term_string}\"},\"query-input\":{\"@type\":\"PropertyValueSpecification\",\"valueRequired\":true,\"valueName\":\"search_term_string\"}}],\"inLanguage\":\"de\"}]}<\/script>\n<!-- \/ Yoast SEO Premium plugin. -->","yoast_head_json":{"title":"Silos al aire libre -","robots":{"index":"index","follow":"follow","max-snippet":"max-snippet:-1","max-image-preview":"max-image-preview:large","max-video-preview":"max-video-preview:-1"},"canonical":"https:\/\/abs-silos.de\/produkt\/silos-al-aire-libre\/","og_locale":"de_DE","og_type":"article","og_title":"A.B.S. Silos- und F\u00f6rderanlagen GmbH","og_url":"https:\/\/abs-silos.de\/es\/produkt\/silos-al-aire-libre\/","og_site_name":"A.B.S. Silos- und F\u00f6rderanlagen GmbH","article_publisher":"https:\/\/www.facebook.com\/abs.silos\/?locale=de_DE","og_image":[{"width":1084,"height":1300,"url":"https:\/\/abs-silos.de\/abs-content\/2023\/05\/aussensilo_LW-1.jpg","type":"image\/jpeg"}],"twitter_card":"summary_large_image","schema":{"@context":"https:\/\/schema.org","@graph":[{"@type":"WebPage","@id":"https:\/\/abs-silos.de\/es\/produkt\/silos-al-aire-libre\/","url":"https:\/\/abs-silos.de\/es\/produkt\/silos-al-aire-libre\/","name":"Silos al aire libre -","isPartOf":{"@id":"https:\/\/abs-silos.de\/#website"},"primaryImageOfPage":{"@id":"https:\/\/abs-silos.de\/es\/produkt\/silos-al-aire-libre\/#primaryimage"},"image":{"@id":"https:\/\/abs-silos.de\/es\/produkt\/silos-al-aire-libre\/#primaryimage"},"thumbnailUrl":"https:\/\/abs-silos.de\/abs-content\/2023\/05\/aussensilo_LW-1.jpg","datePublished":"2025-03-18T09:38:11+00:00","breadcrumb":{"@id":"https:\/\/abs-silos.de\/es\/produkt\/silos-al-aire-libre\/#breadcrumb"},"inLanguage":"de","potentialAction":[{"@type":"ReadAction","target":["https:\/\/abs-silos.de\/es\/produkt\/silos-al-aire-libre\/"]}]},{"@type":"ImageObject","inLanguage":"de","@id":"https:\/\/abs-silos.de\/es\/produkt\/silos-al-aire-libre\/#primaryimage","url":"https:\/\/abs-silos.de\/abs-content\/2023\/05\/aussensilo_LW-1.jpg","contentUrl":"https:\/\/abs-silos.de\/abs-content\/2023\/05\/aussensilo_LW-1.jpg","width":1084,"height":1300,"caption":"Au\u00dfensilo mit atmungsaktiven Innensilo"},{"@type":"BreadcrumbList","@id":"https:\/\/abs-silos.de\/es\/produkt\/silos-al-aire-libre\/#breadcrumb","itemListElement":[{"@type":"ListItem","position":1,"name":"Startseite","item":"https:\/\/abs-silos.de\/"},{"@type":"ListItem","position":2,"name":"Produkte","item":"https:\/\/abs-silos.de\/produkt\/"},{"@type":"ListItem","position":3,"name":"Silos al aire libre"}]},{"@type":"WebSite","@id":"https:\/\/abs-silos.de\/#website","url":"https:\/\/abs-silos.de\/","name":"A.B.S. Silos- und F\u00f6rderanlagen GmbH","description":"Wir machen&#039;s passend - garantiert!","alternateName":"A.B.S.","potentialAction":[{"@type":"SearchAction","target":{"@type":"EntryPoint","urlTemplate":"https:\/\/abs-silos.de\/?s={search_term_string}"},"query-input":{"@type":"PropertyValueSpecification","valueRequired":true,"valueName":"search_term_string"}}],"inLanguage":"de"}]}},"_links":{"self":[{"href":"https:\/\/abs-silos.de\/abs-json\/wp\/v2\/produkt\/9088","targetHints":{"allow":["GET"]}}],"collection":[{"href":"https:\/\/abs-silos.de\/abs-json\/wp\/v2\/produkt"}],"about":[{"href":"https:\/\/abs-silos.de\/abs-json\/wp\/v2\/types\/produkt"}],"version-history":[{"count":0,"href":"https:\/\/abs-silos.de\/abs-json\/wp\/v2\/produkt\/9088\/revisions"}],"wp:featuredmedia":[{"embeddable":true,"href":"https:\/\/abs-silos.de\/abs-json\/wp\/v2\/media\/3673"}],"wp:attachment":[{"href":"https:\/\/abs-silos.de\/abs-json\/wp\/v2\/media?parent=9088"}],"wp:term":[{"taxonomy":"produktkategorie","embeddable":true,"href":"https:\/\/abs-silos.de\/abs-json\/wp\/v2\/produktkategorie?post=9088"}],"curies":[{"name":"wp","href":"https:\/\/api.w.org\/{rel}","templated":true}]}}

<p><!-- Do not edit --><div class="omsc-one-half">
<div class="big-head">
<h2>Aussensilos</h2>
<h3>La mejor protección contra el viento y el clima.</h3>
</div>
<div class="icons"></div>
<p>Quiere los beneficios del A.B.S. ¿Usas silos pero no tienes el espacio interior necesario? No hay problema, porque también hemos desarrollado silos externos exactamente para este caso. El tejido de alta tecnología y alta resistencia los hace inmunes a la formación de moho debido a la condensación, el revestimiento y la cubierta del techo de tejido de poliéster revestido y la construcción de acero galvanizado los hacen resistentes a la intemperie. Esto significa que sus alimentos estarán bien protegidos en el exterior y se mantendrán frescos y nutritivos durante mucho tiempo.</p>
<p>Todo ABS. Nuestros expertos adaptan los silos a los requisitos específicos en cuanto a tapa del filtro, diámetro de salida, pendiente del cono, cono de ventilación, drenaje de emergencia, filtro adicional, etc.</p>
<div class="clear"></div></div><div class="omsc-one-half omsc-last"><p><a href="https://abs-silos.de/abs-content/2023/05/aussensilo_LW.jpg" data-rel="lightbox-gallery-bGlnaHRib3gtZ2FsbGVyeS1uRThqZDdISg==" data-rl_title="" data-rl_caption="" data-rl_title="" data-rl_caption="" title=""><img loading="lazy" decoding="async" class="alignnone size-full wp-image-3566" src="https://abs-silos.de/abs-content/2023/05/aussensilo_LW.jpg" alt="" width="993" height="1300" srcset="https://abs-silos.de/abs-content/2023/05/aussensilo_LW.jpg 993w, https://abs-silos.de/abs-content/2023/05/aussensilo_LW-687x900.jpg 687w, https://abs-silos.de/abs-content/2023/05/aussensilo_LW-768x1005.jpg 768w, https://abs-silos.de/abs-content/2023/05/aussensilo_LW-229x300.jpg 229w" sizes="auto, (max-width: 993px) 100vw, 993px" /></a></p>
<div class="clear"></div></div><div class="omsc-clear"></div></p>

<!-- This site is optimized with the Yoast SEO Premium plugin v26.7 (Yoast SEO v26.7) - https://yoast.com/wordpress/plugins/seo/ -->
<title>Silos al aire libre -</title>
<meta name="robots" content="index, follow, max-snippet:-1, max-image-preview:large, max-video-preview:-1" />
<link rel="canonical" href="https://abs-silos.de/produkt/silos-al-aire-libre/" />
<meta property="og:locale" content="de_DE" />
<meta property="og:type" content="article" />
<meta property="og:title" content="A.B.S. Silos- und Förderanlagen GmbH" />
<meta property="og:url" content="https://abs-silos.de/es/produkt/silos-al-aire-libre/" />
<meta property="og:site_name" content="A.B.S. Silos- und Förderanlagen GmbH" />
<meta property="article:publisher" content="https://www.facebook.com/abs.silos/?locale=de_DE" />
<meta property="og:image" content="https://abs-silos.de/abs-content/2023/05/aussensilo_LW-1.jpg" />
	<meta property="og:image:width" content="1084" />
	<meta property="og:image:height" content="1300" />
	<meta property="og:image:type" content="image/jpeg" />
<meta name="twitter:card" content="summary_large_image" />
<script type="application/ld+json" class="yoast-schema-graph">{"@context":"https://schema.org","@graph":[{"@type":"WebPage","@id":"https://abs-silos.de/es/produkt/silos-al-aire-libre/","url":"https://abs-silos.de/es/produkt/silos-al-aire-libre/","name":"Silos al aire libre -","isPartOf":{"@id":"https://abs-silos.de/#website"},"primaryImageOfPage":{"@id":"https://abs-silos.de/es/produkt/silos-al-aire-libre/#primaryimage"},"image":{"@id":"https://abs-silos.de/es/produkt/silos-al-aire-libre/#primaryimage"},"thumbnailUrl":"https://abs-silos.de/abs-content/2023/05/aussensilo_LW-1.jpg","datePublished":"2025-03-18T09:38:11+00:00","breadcrumb":{"@id":"https://abs-silos.de/es/produkt/silos-al-aire-libre/#breadcrumb"},"inLanguage":"de","potentialAction":[{"@type":"ReadAction","target":["https://abs-silos.de/es/produkt/silos-al-aire-libre/"]}]},{"@type":"ImageObject","inLanguage":"de","@id":"https://abs-silos.de/es/produkt/silos-al-aire-libre/#primaryimage","url":"https://abs-silos.de/abs-content/2023/05/aussensilo_LW-1.jpg","contentUrl":"https://abs-silos.de/abs-content/2023/05/aussensilo_LW-1.jpg","width":1084,"height":1300,"caption":"Außensilo mit atmungsaktiven Innensilo"},{"@type":"BreadcrumbList","@id":"https://abs-silos.de/es/produkt/silos-al-aire-libre/#breadcrumb","itemListElement":[{"@type":"ListItem","position":1,"name":"Startseite","item":"https://abs-silos.de/"},{"@type":"ListItem","position":2,"name":"Produkte","item":"https://abs-silos.de/produkt/"},{"@type":"ListItem","position":3,"name":"Silos al aire libre"}]},{"@type":"WebSite","@id":"https://abs-silos.de/#website","url":"https://abs-silos.de/","name":"A.B.S. Silos- und Förderanlagen GmbH","description":"Wir machen&#039;s passend - garantiert!","alternateName":"A.B.S.","potentialAction":[{"@type":"SearchAction","target":{"@type":"EntryPoint","urlTemplate":"https://abs-silos.de/?s={search_term_string}"},"query-input":{"@type":"PropertyValueSpecification","valueRequired":true,"valueName":"search_term_string"}}],"inLanguage":"de"}]}</script>
<!-- / Yoast SEO Premium plugin. -->

A.B.S. Silos- und Förderanlagen GmbH

Außensilo mit atmungsaktiven Innensilo
